{"id":3617,"date":"2021-04-06T19:14:02","date_gmt":"2021-04-06T17:14:02","guid":{"rendered":"http:\/\/iqlclno.cluster030.hosting.ovh.net\/?page_id=3617"},"modified":"2021-04-19T16:10:18","modified_gmt":"2021-04-19T14:10:18","slug":"peintures-2","status":"publish","type":"page","link":"https:\/\/www.nord-acrobat.com\/index.php\/peintures-2\/","title":{"rendered":"Peintures"},"content":{"rendered":"<p>[vc_row full_width=&#8221;stretch_row&#8221; full_height=&#8221;yes&#8221; equal_height=&#8221;yes&#8221; ken_burns_transition_speed=&#8221;15000&#8243; css_animation=&#8221;fadeIn&#8221; ken_burns_enabled=&#8221;true&#8221; css=&#8221;.vc_custom_1618219803631{margin-bottom: 0px !important;padding-bottom: 50px !important;}&#8221;][vc_column offset=&#8221;vc_col-md-6&#8243; css=&#8221;.vc_custom_1617721899563{margin-bottom: -45px !important;}&#8221;][vc_column_text css_animation=&#8221;fadeIn&#8221; effects_enabled_delay=&#8221;700&#8243; css=&#8221;.vc_custom_1618302862827{padding-left: 30px !important;}&#8221;]<\/p>\n<div class=\"title-h6\"><span style=\"color: #bf9c61;\">ACC\u00c8S DIFFICILES \/ NORD ACRO BAT<\/span><\/div>\n<p>[\/vc_column_text]<div class=\"clearboth\"><\/div><div class=\"gem-divider \" style=\"margin-top: 26px;\"><\/div>[vc_column_text css=&#8221;.vc_custom_1618556499064{margin-top: -10px !important;padding-right: 30px !important;padding-left: 30px !important;}&#8221;]<\/p>\n<div class=\"title-h4\">PEINTURES &amp; TRAITEMENTS ANTI-CORROSION<\/div>\n<p>[\/vc_column_text]<div class=\"clearboth\"><\/div><div class=\"gem-divider \" style=\"margin-top: 26px;\"><\/div>[vc_column_text css=&#8221;.vc_custom_1618743161592{padding-right: 30px !important;padding-left: 30px !important;}&#8221;]<\/p>\n<p class=\"styled-subtitle\">La peinture sur fa\u00e7ades et structures, <strong>pr\u00e9serve des intemp\u00e9ries et de la pollution<\/strong>. Lorsque la configuration des b\u00e2timents ne permet pas d\u2019intervenir de fa\u00e7on classique, celle-ci doit \u00eatre r\u00e9alis\u00e9 par un <strong>personnel qualifi\u00e9 et consciencieux.<\/strong><\/p>\n<div class=\"styled-subtitle\">\n<p>Nos collaborateurs utilisent tous les <strong>cordages sp\u00e9cifiques \u00e0 l&#8217;alpinisme<\/strong> pour atteindre les endroits les + inacc\u00e9ssibles afin de r\u00e9aliser <strong>tous vos travaux de peintures.<\/strong><\/p>\n<\/div>\n<div class=\"styled-subtitle\">Qu&#8217;ils soient r\u00e9alis\u00e9s <strong>sur corde et\/ou sur nacelle,<\/strong> vous vous proposerons des solutions \u00e9clair\u00e9es sur le choix d&#8217;une peinture adapt\u00e9e <strong>(acrylique, hydropiolite, \u00e0 la chaux,&#8230;)<\/strong> et nos techniciens cordistes du b\u00e2timent sauront mettre en \u0153uvre consciencieusement, en toute l\u00e9g\u00e8ret\u00e9 et en s\u00e9curit\u00e9 votre demande.<\/div>\n<p>[\/vc_column_text]<div class=\"clearboth\"><\/div><div class=\"gem-divider \" style=\"margin-top: 50px;\"><\/div><div class=\"preloader\"><div class=\"preloader-spin\"><\/div><\/div> <div class=\"gem-gallery gem-gallery-hover-zooming-blur\" data-autoscroll=\"2500\"> <div class=\"gem-gallery-item\"> <div class=\"gem-gallery-item-image\"> <a href=\"https:\/\/www.nord-acrobat.com\/wp-content\/uploads\/2021\/04\/4-thegem-gallery-fullwidth.jpg\" data-fancybox-group=\"gallery-69da3d2376982\" data-full-image-url=\"https:\/\/www.nord-acrobat.com\/wp-content\/uploads\/2021\/04\/4.jpg\"> <svg width=\"20\" height=\"10\"><path d=\"M 0,10 Q 9,9 10,0 Q 11,9 20,10\" \/><\/svg> <img decoding=\"async\" src=\"https:\/\/www.nord-acrobat.com\/wp-content\/uploads\/2021\/04\/4-thegem-post-thumb-small.jpg\" alt=\"\" class=\"img-responsive\"> <span class=\"gem-gallery-caption slide-info\"> <\/span> <\/a> <span class=\"gem-gallery-line\"><\/span> <\/div> <\/div> <div class=\"gem-gallery-item\"> <div class=\"gem-gallery-item-image\"> <a href=\"https:\/\/www.nord-acrobat.com\/wp-content\/uploads\/2021\/04\/Nord-Acro-Bat-22-thegem-gallery-fullwidth.jpg\" data-fancybox-group=\"gallery-69da3d2376982\" data-full-image-url=\"https:\/\/www.nord-acrobat.com\/wp-content\/uploads\/2021\/04\/Nord-Acro-Bat-22.jpg\"> <svg width=\"20\" height=\"10\"><path d=\"M 0,10 Q 9,9 10,0 Q 11,9 20,10\" \/><\/svg> <img decoding=\"async\" src=\"https:\/\/www.nord-acrobat.com\/wp-content\/uploads\/2021\/04\/Nord-Acro-Bat-22-thegem-post-thumb-small.jpg\" alt=\"\" class=\"img-responsive\"> <span class=\"gem-gallery-caption slide-info\"> <\/span> <\/a> <span class=\"gem-gallery-line\"><\/span> <\/div> <\/div> <div class=\"gem-gallery-item\"> <div class=\"gem-gallery-item-image\"> <a href=\"https:\/\/www.nord-acrobat.com\/wp-content\/uploads\/2021\/04\/Nord-Acro-Bat-4-copie-thegem-gallery-fullwidth.jpg\" data-fancybox-group=\"gallery-69da3d2376982\" data-full-image-url=\"https:\/\/www.nord-acrobat.com\/wp-content\/uploads\/2021\/04\/Nord-Acro-Bat-4-copie.jpg\"> <svg width=\"20\" height=\"10\"><path d=\"M 0,10 Q 9,9 10,0 Q 11,9 20,10\" \/><\/svg> <img decoding=\"async\" src=\"https:\/\/www.nord-acrobat.com\/wp-content\/uploads\/2021\/04\/Nord-Acro-Bat-4-copie-thegem-post-thumb-small.jpg\" alt=\"\" class=\"img-responsive\"> <span class=\"gem-gallery-caption slide-info\"> <\/span> <\/a> <span class=\"gem-gallery-line\"><\/span> <\/div> <\/div> <div class=\"gem-gallery-item\"> <div class=\"gem-gallery-item-image\"> <a href=\"https:\/\/www.nord-acrobat.com\/wp-content\/uploads\/2021\/04\/Nord-Acro-Bat-3-copie-thegem-gallery-fullwidth.jpg\" data-fancybox-group=\"gallery-69da3d2376982\" data-full-image-url=\"https:\/\/www.nord-acrobat.com\/wp-content\/uploads\/2021\/04\/Nord-Acro-Bat-3-copie.jpg\"> <svg width=\"20\" height=\"10\"><path d=\"M 0,10 Q 9,9 10,0 Q 11,9 20,10\" \/><\/svg> <img decoding=\"async\" src=\"https:\/\/www.nord-acrobat.com\/wp-content\/uploads\/2021\/04\/Nord-Acro-Bat-3-copie-thegem-post-thumb-small.jpg\" alt=\"\" class=\"img-responsive\"> <span class=\"gem-gallery-caption slide-info\"> <\/span> <\/a> <span class=\"gem-gallery-line\"><\/span> <\/div> <\/div> <div class=\"gem-gallery-item\"> <div class=\"gem-gallery-item-image\"> <a href=\"https:\/\/www.nord-acrobat.com\/wp-content\/uploads\/2021\/04\/Nord-Acro-Bat-travaux-en-hauteur-sur-corde-acces-difficile-11-thegem-gallery-fullwidth.jpg\" data-fancybox-group=\"gallery-69da3d2376982\" data-full-image-url=\"https:\/\/www.nord-acrobat.com\/wp-content\/uploads\/2021\/04\/Nord-Acro-Bat-travaux-en-hauteur-sur-corde-acces-difficile-11.jpg\"> <svg width=\"20\" height=\"10\"><path d=\"M 0,10 Q 9,9 10,0 Q 11,9 20,10\" \/><\/svg> <img decoding=\"async\" src=\"https:\/\/www.nord-acrobat.com\/wp-content\/uploads\/2021\/04\/Nord-Acro-Bat-travaux-en-hauteur-sur-corde-acces-difficile-11-thegem-post-thumb-small.jpg\" alt=\"\" class=\"img-responsive\"> <span class=\"gem-gallery-caption slide-info\"> <\/span> <\/a> <span class=\"gem-gallery-line\"><\/span> <\/div> <\/div> <div class=\"gem-gallery-item\"> <div class=\"gem-gallery-item-image\"> <a href=\"https:\/\/www.nord-acrobat.com\/wp-content\/uploads\/2021\/04\/Nord-Acro-Bat-travaux-en-hauteur-sur-corde-acces-difficile-67-thegem-gallery-fullwidth.jpg\" data-fancybox-group=\"gallery-69da3d2376982\" data-full-image-url=\"https:\/\/www.nord-acrobat.com\/wp-content\/uploads\/2021\/04\/Nord-Acro-Bat-travaux-en-hauteur-sur-corde-acces-difficile-67.jpg\"> <svg width=\"20\" height=\"10\"><path d=\"M 0,10 Q 9,9 10,0 Q 11,9 20,10\" \/><\/svg> <img decoding=\"async\" src=\"https:\/\/www.nord-acrobat.com\/wp-content\/uploads\/2021\/04\/Nord-Acro-Bat-travaux-en-hauteur-sur-corde-acces-difficile-67-thegem-post-thumb-small.jpg\" alt=\"\" class=\"img-responsive\"> <span class=\"gem-gallery-caption slide-info\"> <\/span> <\/a> <span class=\"gem-gallery-line\"><\/span> <\/div> <\/div> <div class=\"gem-gallery-item\"> <div class=\"gem-gallery-item-image\"> <a href=\"https:\/\/www.nord-acrobat.com\/wp-content\/uploads\/2021\/04\/Nord-Acro-Bat-travaux-d-acces-difficile-77-thegem-gallery-fullwidth.jpg\" data-fancybox-group=\"gallery-69da3d2376982\" data-full-image-url=\"https:\/\/www.nord-acrobat.com\/wp-content\/uploads\/2021\/04\/Nord-Acro-Bat-travaux-d-acces-difficile-77.jpg\"> <svg width=\"20\" height=\"10\"><path d=\"M 0,10 Q 9,9 10,0 Q 11,9 20,10\" \/><\/svg> <img decoding=\"async\" src=\"https:\/\/www.nord-acrobat.com\/wp-content\/uploads\/2021\/04\/Nord-Acro-Bat-travaux-d-acces-difficile-77-thegem-post-thumb-small.jpg\" alt=\"\" class=\"img-responsive\"> <span class=\"gem-gallery-caption slide-info\"> <\/span> <\/a> <span class=\"gem-gallery-line\"><\/span> <\/div> <\/div> <div class=\"gem-gallery-item\"> <div class=\"gem-gallery-item-image\"> <a href=\"https:\/\/www.nord-acrobat.com\/wp-content\/uploads\/2021\/04\/Nord-Acro-Bat-8-copie-thegem-gallery-fullwidth.jpg\" data-fancybox-group=\"gallery-69da3d2376982\" data-full-image-url=\"https:\/\/www.nord-acrobat.com\/wp-content\/uploads\/2021\/04\/Nord-Acro-Bat-8-copie.jpg\"> <svg width=\"20\" height=\"10\"><path d=\"M 0,10 Q 9,9 10,0 Q 11,9 20,10\" \/><\/svg> <img decoding=\"async\" src=\"https:\/\/www.nord-acrobat.com\/wp-content\/uploads\/2021\/04\/Nord-Acro-Bat-8-copie-thegem-post-thumb-small.jpg\" alt=\"\" class=\"img-responsive\"> <span class=\"gem-gallery-caption slide-info\"> <\/span> <\/a> <span class=\"gem-gallery-line\"><\/span> <\/div> <\/div> <div class=\"gem-gallery-item\"> <div class=\"gem-gallery-item-image\"> <a href=\"https:\/\/www.nord-acrobat.com\/wp-content\/uploads\/2021\/04\/Nord-Acro-Bat-travaux-en-hauteur-sur-corde-acces-difficile-64-thegem-gallery-fullwidth.jpg\" data-fancybox-group=\"gallery-69da3d2376982\" data-full-image-url=\"https:\/\/www.nord-acrobat.com\/wp-content\/uploads\/2021\/04\/Nord-Acro-Bat-travaux-en-hauteur-sur-corde-acces-difficile-64.jpg\"> <svg width=\"20\" height=\"10\"><path d=\"M 0,10 Q 9,9 10,0 Q 11,9 20,10\" \/><\/svg> <img decoding=\"async\" src=\"https:\/\/www.nord-acrobat.com\/wp-content\/uploads\/2021\/04\/Nord-Acro-Bat-travaux-en-hauteur-sur-corde-acces-difficile-64-thegem-post-thumb-small.jpg\" alt=\"\" class=\"img-responsive\"> <span class=\"gem-gallery-caption slide-info\"> <\/span> <\/a> <span class=\"gem-gallery-line\"><\/span> <\/div> <\/div> <div class=\"gem-gallery-item\"> <div class=\"gem-gallery-item-image\"> <a href=\"https:\/\/www.nord-acrobat.com\/wp-content\/uploads\/2021\/04\/Nord-Acro-Bat-travaux-en-hauteur-sur-corde-acces-difficile-69-thegem-gallery-fullwidth.jpg\" data-fancybox-group=\"gallery-69da3d2376982\" data-full-image-url=\"https:\/\/www.nord-acrobat.com\/wp-content\/uploads\/2021\/04\/Nord-Acro-Bat-travaux-en-hauteur-sur-corde-acces-difficile-69.jpg\"> <svg width=\"20\" height=\"10\"><path d=\"M 0,10 Q 9,9 10,0 Q 11,9 20,10\" \/><\/svg> <img decoding=\"async\" src=\"https:\/\/www.nord-acrobat.com\/wp-content\/uploads\/2021\/04\/Nord-Acro-Bat-travaux-en-hauteur-sur-corde-acces-difficile-69-thegem-post-thumb-small.jpg\" alt=\"\" class=\"img-responsive\"> <span class=\"gem-gallery-caption slide-info\"> <\/span> <\/a> <span class=\"gem-gallery-line\"><\/span> <\/div> <\/div> <div class=\"gem-gallery-item\"> <div class=\"gem-gallery-item-image\"> <a href=\"https:\/\/www.nord-acrobat.com\/wp-content\/uploads\/2021\/04\/Nord-Acro-Bat-travaux-d-acces-difficile-6-thegem-gallery-fullwidth.jpg\" data-fancybox-group=\"gallery-69da3d2376982\" data-full-image-url=\"https:\/\/www.nord-acrobat.com\/wp-content\/uploads\/2021\/04\/Nord-Acro-Bat-travaux-d-acces-difficile-6.jpg\"> <svg width=\"20\" height=\"10\"><path d=\"M 0,10 Q 9,9 10,0 Q 11,9 20,10\" \/><\/svg> <img decoding=\"async\" src=\"https:\/\/www.nord-acrobat.com\/wp-content\/uploads\/2021\/04\/Nord-Acro-Bat-travaux-d-acces-difficile-6-thegem-post-thumb-small.jpg\" alt=\"\" class=\"img-responsive\"> <span class=\"gem-gallery-caption slide-info\"> <\/span> <\/a> <span class=\"gem-gallery-line\"><\/span> <\/div> <\/div> <div class=\"gem-gallery-item\"> <div class=\"gem-gallery-item-image\"> <a href=\"https:\/\/www.nord-acrobat.com\/wp-content\/uploads\/2021\/04\/Nord-Acro-Bat-travaux-d-acces-difficile-40-thegem-gallery-fullwidth.jpg\" data-fancybox-group=\"gallery-69da3d2376982\" data-full-image-url=\"https:\/\/www.nord-acrobat.com\/wp-content\/uploads\/2021\/04\/Nord-Acro-Bat-travaux-d-acces-difficile-40.jpg\"> <svg width=\"20\" height=\"10\"><path d=\"M 0,10 Q 9,9 10,0 Q 11,9 20,10\" \/><\/svg> <img decoding=\"async\" src=\"https:\/\/www.nord-acrobat.com\/wp-content\/uploads\/2021\/04\/Nord-Acro-Bat-travaux-d-acces-difficile-40-thegem-post-thumb-small.jpg\" alt=\"\" class=\"img-responsive\"> <span class=\"gem-gallery-caption slide-info\"> <\/span> <\/a> <span class=\"gem-gallery-line\"><\/span> <\/div> <\/div> <div class=\"gem-gallery-item\"> <div class=\"gem-gallery-item-image\"> <a href=\"https:\/\/www.nord-acrobat.com\/wp-content\/uploads\/2021\/04\/Nord-Acro-Bat-travaux-d-acces-difficile-41-thegem-gallery-fullwidth.jpg\" data-fancybox-group=\"gallery-69da3d2376982\" data-full-image-url=\"https:\/\/www.nord-acrobat.com\/wp-content\/uploads\/2021\/04\/Nord-Acro-Bat-travaux-d-acces-difficile-41.jpg\"> <svg width=\"20\" height=\"10\"><path d=\"M 0,10 Q 9,9 10,0 Q 11,9 20,10\" \/><\/svg> <img decoding=\"async\" src=\"https:\/\/www.nord-acrobat.com\/wp-content\/uploads\/2021\/04\/Nord-Acro-Bat-travaux-d-acces-difficile-41-thegem-post-thumb-small.jpg\" alt=\"\" class=\"img-responsive\"> <span class=\"gem-gallery-caption slide-info\"> <\/span> <\/a> <span class=\"gem-gallery-line\"><\/span> <\/div> <\/div> <div class=\"gem-gallery-item\"> <div class=\"gem-gallery-item-image\"> <a href=\"https:\/\/www.nord-acrobat.com\/wp-content\/uploads\/2021\/04\/Nord-Acro-Bat-travaux-d-acces-difficile-48-thegem-gallery-fullwidth.jpg\" data-fancybox-group=\"gallery-69da3d2376982\" data-full-image-url=\"https:\/\/www.nord-acrobat.com\/wp-content\/uploads\/2021\/04\/Nord-Acro-Bat-travaux-d-acces-difficile-48.jpg\"> <svg width=\"20\" height=\"10\"><path d=\"M 0,10 Q 9,9 10,0 Q 11,9 20,10\" \/><\/svg> <img decoding=\"async\" src=\"https:\/\/www.nord-acrobat.com\/wp-content\/uploads\/2021\/04\/Nord-Acro-Bat-travaux-d-acces-difficile-48-thegem-post-thumb-small.jpg\" alt=\"\" class=\"img-responsive\"> <span class=\"gem-gallery-caption slide-info\"> <\/span> <\/a> <span class=\"gem-gallery-line\"><\/span> <\/div> <\/div> <div class=\"gem-gallery-item\"> <div class=\"gem-gallery-item-image\"> <a href=\"https:\/\/www.nord-acrobat.com\/wp-content\/uploads\/2021\/04\/Nord-Acro-Bat-travaux-en-hauteur-sur-corde-acces-difficile-66-thegem-gallery-fullwidth.jpg\" data-fancybox-group=\"gallery-69da3d2376982\" data-full-image-url=\"https:\/\/www.nord-acrobat.com\/wp-content\/uploads\/2021\/04\/Nord-Acro-Bat-travaux-en-hauteur-sur-corde-acces-difficile-66.jpg\"> <svg width=\"20\" height=\"10\"><path d=\"M 0,10 Q 9,9 10,0 Q 11,9 20,10\" \/><\/svg> <img decoding=\"async\" src=\"https:\/\/www.nord-acrobat.com\/wp-content\/uploads\/2021\/04\/Nord-Acro-Bat-travaux-en-hauteur-sur-corde-acces-difficile-66-thegem-post-thumb-small.jpg\" alt=\"\" class=\"img-responsive\"> <span class=\"gem-gallery-caption slide-info\"> <\/span> <\/a> <span class=\"gem-gallery-line\"><\/span> <\/div> <\/div> <div class=\"gem-gallery-item\"> <div class=\"gem-gallery-item-image\"> <a href=\"https:\/\/www.nord-acrobat.com\/wp-content\/uploads\/2021\/04\/Nord-Acro-Bat-travaux-en-hauteur-sur-corde-acces-difficile-32-thegem-gallery-fullwidth.jpg\" data-fancybox-group=\"gallery-69da3d2376982\" data-full-image-url=\"https:\/\/www.nord-acrobat.com\/wp-content\/uploads\/2021\/04\/Nord-Acro-Bat-travaux-en-hauteur-sur-corde-acces-difficile-32.jpg\"> <svg width=\"20\" height=\"10\"><path d=\"M 0,10 Q 9,9 10,0 Q 11,9 20,10\" \/><\/svg> <img decoding=\"async\" src=\"https:\/\/www.nord-acrobat.com\/wp-content\/uploads\/2021\/04\/Nord-Acro-Bat-travaux-en-hauteur-sur-corde-acces-difficile-32-thegem-post-thumb-small.jpg\" alt=\"\" class=\"img-responsive\"> <span class=\"gem-gallery-caption slide-info\"> <\/span> <\/a> <span class=\"gem-gallery-line\"><\/span> <\/div> <\/div> <div class=\"gem-gallery-item\"> <div class=\"gem-gallery-item-image\"> <a href=\"https:\/\/www.nord-acrobat.com\/wp-content\/uploads\/2021\/04\/Nord-Acro-Bat-travaux-en-hauteur-sur-corde-acces-difficile-13-1-thegem-gallery-fullwidth.jpg\" data-fancybox-group=\"gallery-69da3d2376982\" data-full-image-url=\"https:\/\/www.nord-acrobat.com\/wp-content\/uploads\/2021\/04\/Nord-Acro-Bat-travaux-en-hauteur-sur-corde-acces-difficile-13-1.jpg\"> <svg width=\"20\" height=\"10\"><path d=\"M 0,10 Q 9,9 10,0 Q 11,9 20,10\" \/><\/svg> <img decoding=\"async\" src=\"https:\/\/www.nord-acrobat.com\/wp-content\/uploads\/2021\/04\/Nord-Acro-Bat-travaux-en-hauteur-sur-corde-acces-difficile-13-1-thegem-post-thumb-small.jpg\" alt=\"\" class=\"img-responsive\"> <span class=\"gem-gallery-caption slide-info\"> <\/span> <\/a> <span class=\"gem-gallery-line\"><\/span> <\/div> <\/div> <div class=\"gem-gallery-item\"> <div class=\"gem-gallery-item-image\"> <a href=\"https:\/\/www.nord-acrobat.com\/wp-content\/uploads\/2021\/04\/Nord-Acro-Bat-23-thegem-gallery-fullwidth.jpg\" data-fancybox-group=\"gallery-69da3d2376982\" data-full-image-url=\"https:\/\/www.nord-acrobat.com\/wp-content\/uploads\/2021\/04\/Nord-Acro-Bat-23.jpg\"> <svg width=\"20\" height=\"10\"><path d=\"M 0,10 Q 9,9 10,0 Q 11,9 20,10\" \/><\/svg> <img decoding=\"async\" src=\"https:\/\/www.nord-acrobat.com\/wp-content\/uploads\/2021\/04\/Nord-Acro-Bat-23-thegem-post-thumb-small.jpg\" alt=\"\" class=\"img-responsive\"> <span class=\"gem-gallery-caption slide-info\"> <\/span> <\/a> <span class=\"gem-gallery-line\"><\/span> <\/div> <\/div> <div class=\"gem-gallery-item\"> <div class=\"gem-gallery-item-image\"> <a href=\"https:\/\/www.nord-acrobat.com\/wp-content\/uploads\/2021\/04\/Nord-Acro-Bat-6-1-thegem-gallery-fullwidth.jpg\" data-fancybox-group=\"gallery-69da3d2376982\" data-full-image-url=\"https:\/\/www.nord-acrobat.com\/wp-content\/uploads\/2021\/04\/Nord-Acro-Bat-6-1.jpg\"> <svg width=\"20\" height=\"10\"><path d=\"M 0,10 Q 9,9 10,0 Q 11,9 20,10\" \/><\/svg> <img decoding=\"async\" src=\"https:\/\/www.nord-acrobat.com\/wp-content\/uploads\/2021\/04\/Nord-Acro-Bat-6-1-thegem-post-thumb-small.jpg\" alt=\"\" class=\"img-responsive\"> <span class=\"gem-gallery-caption slide-info\"> <\/span> <\/a> <span class=\"gem-gallery-line\"><\/span> <\/div> <\/div> <div class=\"gem-gallery-item\"> <div class=\"gem-gallery-item-image\"> <a href=\"https:\/\/www.nord-acrobat.com\/wp-content\/uploads\/2021\/04\/Nord-Acro-Bat-4-5-thegem-gallery-fullwidth.jpg\" data-fancybox-group=\"gallery-69da3d2376982\" data-full-image-url=\"https:\/\/www.nord-acrobat.com\/wp-content\/uploads\/2021\/04\/Nord-Acro-Bat-4-5.jpg\"> <svg width=\"20\" height=\"10\"><path d=\"M 0,10 Q 9,9 10,0 Q 11,9 20,10\" \/><\/svg> <img decoding=\"async\" src=\"https:\/\/www.nord-acrobat.com\/wp-content\/uploads\/2021\/04\/Nord-Acro-Bat-4-5-thegem-post-thumb-small.jpg\" alt=\"\" class=\"img-responsive\"> <span class=\"gem-gallery-caption slide-info\"> <\/span> <\/a> <span class=\"gem-gallery-line\"><\/span> <\/div> <\/div> <div class=\"gem-gallery-item\"> <div class=\"gem-gallery-item-image\"> <a href=\"https:\/\/www.nord-acrobat.com\/wp-content\/uploads\/2021\/04\/Nord-Acro-Bat-3-7-thegem-gallery-fullwidth.jpg\" data-fancybox-group=\"gallery-69da3d2376982\" data-full-image-url=\"https:\/\/www.nord-acrobat.com\/wp-content\/uploads\/2021\/04\/Nord-Acro-Bat-3-7.jpg\"> <svg width=\"20\" height=\"10\"><path d=\"M 0,10 Q 9,9 10,0 Q 11,9 20,10\" \/><\/svg> <img decoding=\"async\" src=\"https:\/\/www.nord-acrobat.com\/wp-content\/uploads\/2021\/04\/Nord-Acro-Bat-3-7-thegem-post-thumb-small.jpg\" alt=\"\" class=\"img-responsive\"> <span class=\"gem-gallery-caption slide-info\"> <\/span> <\/a> <span class=\"gem-gallery-line\"><\/span> <\/div> <\/div> <div class=\"gem-gallery-item\"> <div class=\"gem-gallery-item-image\"> <a href=\"https:\/\/www.nord-acrobat.com\/wp-content\/uploads\/2021\/04\/Nord-Acro-Bat-travaux-d-acces-difficile-61-thegem-gallery-fullwidth.jpg\" data-fancybox-group=\"gallery-69da3d2376982\" data-full-image-url=\"https:\/\/www.nord-acrobat.com\/wp-content\/uploads\/2021\/04\/Nord-Acro-Bat-travaux-d-acces-difficile-61.jpg\"> <svg width=\"20\" height=\"10\"><path d=\"M 0,10 Q 9,9 10,0 Q 11,9 20,10\" \/><\/svg> <img decoding=\"async\" src=\"https:\/\/www.nord-acrobat.com\/wp-content\/uploads\/2021\/04\/Nord-Acro-Bat-travaux-d-acces-difficile-61-thegem-post-thumb-small.jpg\" alt=\"\" class=\"img-responsive\"> <span class=\"gem-gallery-caption slide-info\"> <\/span> <\/a> <span class=\"gem-gallery-line\"><\/span> <\/div> <\/div> <div class=\"gem-gallery-item\"> <div class=\"gem-gallery-item-image\"> <a href=\"https:\/\/www.nord-acrobat.com\/wp-content\/uploads\/2021\/04\/Nord-Acro-Bat-travaux-en-hauteur-sur-corde-acces-difficile-64-thegem-gallery-fullwidth.jpg\" data-fancybox-group=\"gallery-69da3d2376982\" data-full-image-url=\"https:\/\/www.nord-acrobat.com\/wp-content\/uploads\/2021\/04\/Nord-Acro-Bat-travaux-en-hauteur-sur-corde-acces-difficile-64.jpg\"> <svg width=\"20\" height=\"10\"><path d=\"M 0,10 Q 9,9 10,0 Q 11,9 20,10\" \/><\/svg> <img decoding=\"async\" src=\"https:\/\/www.nord-acrobat.com\/wp-content\/uploads\/2021\/04\/Nord-Acro-Bat-travaux-en-hauteur-sur-corde-acces-difficile-64-thegem-post-thumb-small.jpg\" alt=\"\" class=\"img-responsive\"> <span class=\"gem-gallery-caption slide-info\"> <\/span> <\/a> <span class=\"gem-gallery-line\"><\/span> <\/div> <\/div> <div class=\"gem-gallery-item\"> <div class=\"gem-gallery-item-image\"> <a href=\"https:\/\/www.nord-acrobat.com\/wp-content\/uploads\/2021\/04\/Nord-Acro-Bat-travaux-en-hauteur-sur-corde-acces-difficile-46-thegem-gallery-fullwidth.jpg\" data-fancybox-group=\"gallery-69da3d2376982\" data-full-image-url=\"https:\/\/www.nord-acrobat.com\/wp-content\/uploads\/2021\/04\/Nord-Acro-Bat-travaux-en-hauteur-sur-corde-acces-difficile-46.jpg\"> <svg width=\"20\" height=\"10\"><path d=\"M 0,10 Q 9,9 10,0 Q 11,9 20,10\" \/><\/svg> <img decoding=\"async\" src=\"https:\/\/www.nord-acrobat.com\/wp-content\/uploads\/2021\/04\/Nord-Acro-Bat-travaux-en-hauteur-sur-corde-acces-difficile-46-thegem-post-thumb-small.jpg\" alt=\"\" class=\"img-responsive\"> <span class=\"gem-gallery-caption slide-info\"> <\/span> <\/a> <span class=\"gem-gallery-line\"><\/span> <\/div> <\/div> <div class=\"gem-gallery-item\"> <div class=\"gem-gallery-item-image\"> <a href=\"https:\/\/www.nord-acrobat.com\/wp-content\/uploads\/2021\/04\/Nord-Acro-Bat-travaux-en-hauteur-sur-corde-acces-difficile-32-thegem-gallery-fullwidth.jpg\" data-fancybox-group=\"gallery-69da3d2376982\" data-full-image-url=\"https:\/\/www.nord-acrobat.com\/wp-content\/uploads\/2021\/04\/Nord-Acro-Bat-travaux-en-hauteur-sur-corde-acces-difficile-32.jpg\"> <svg width=\"20\" height=\"10\"><path d=\"M 0,10 Q 9,9 10,0 Q 11,9 20,10\" \/><\/svg> <img decoding=\"async\" src=\"https:\/\/www.nord-acrobat.com\/wp-content\/uploads\/2021\/04\/Nord-Acro-Bat-travaux-en-hauteur-sur-corde-acces-difficile-32-thegem-post-thumb-small.jpg\" alt=\"\" class=\"img-responsive\"> <span class=\"gem-gallery-caption slide-info\"> <\/span> <\/a> <span class=\"gem-gallery-line\"><\/span> <\/div> <\/div> <\/div>[\/vc_column][vc_column css_animation=&#8221;fadeIn&#8221; offset=&#8221;vc_col-md-6&#8243; effects_enabled_delay=&#8221;500&#8243;]<div class=\"centered-box gem-image-centered-box\"><div class=\"gem-image gem-wrapbox gem-wrapbox-style-default gem-wrapbox-position-centered lazy-loading\"  style=\"width: 0px;height: 0px;\"><div class=\"gem-wrapbox-inner  lazy-loading-item\"  data-ll-effect=\"move-up\"><a href=\"https:\/\/www.nord-acrobat.com\/wp-content\/uploads\/2021\/04\/Nord-Acro-Bat-3-peinture.jpg\" class=\"fancybox\"><img decoding=\"async\" class=\"gem-wrapbox-element img-responsive\" src=\"https:\/\/www.nord-acrobat.com\/wp-content\/uploads\/2021\/04\/Nord-Acro-Bat-3-peinture.jpg\" alt=\"\"\/><\/a><\/div><\/div><\/div>[vc_empty_space height=&#8221;60px&#8221;]<div class=\"gem-list lazy-loading gem-list-type-check-style-1\" data-ll-item-delay=\"500\"><ul>\n<li><strong>PEINTURE EN ACC\u00c8S DIFFICILE<\/strong><\/li>\n<li><strong>PR\u00c9PARATION DES SURFACES \/ RAVALEMENT<\/strong><\/li>\n<li><strong>LAVAGE HAUTE PRESSION \/ D\u00c9CAPAGE<\/strong><\/li>\n<li><strong>OUVRAGE D&#8217;ART, CHEMIN\u00c9ES, CHARPENTES<\/strong><\/li>\n<li><strong>APPAREIL &amp; \u00c9DIFICE INDUSTRIEL<\/strong><\/li>\n<li><strong>MISE EN PEINTURE \/ GRAISSAGE<\/strong><\/li>\n<li><strong>REPRISE DE TENSION DE HAUBANS<\/strong><\/li>\n<li><strong>CUVELAGE EN CAPACIT\u00c9<\/strong><\/li>\n<li><b>FA\u00c7ADES \/ MURS \/ BOISERIES<\/b><\/li>\n<li><b>STRUCTURES M\u00c9TALLIQUES EN ACIER<\/b><\/li>\n<\/ul>\n<\/div>[\/vc_column][\/vc_row][vc_row][vc_column css_animation=&#8221;fadeIn&#8221; effects_enabled_delay=&#8221;500&#8243; css=&#8221;.vc_custom_1617723699590{padding-bottom: 30px !important;}&#8221;][vc_separator el_width=&#8221;80&#8243;][vc_column_text css_animation=&#8221;bounceInRight&#8221; effects_enabled_delay=&#8221;700&#8243;]<\/p>\n<div class=\"styled-subtitle\" style=\"text-align: center;\">\n<p><span style=\"color: #808000;\">Nos interventions permettent la continuit\u00e9 de votre activit\u00e9 durant la dur\u00e9e des travaux en hauteur et \u00e9vitent ainsi les pertes d\u2019exploitation.<\/span><\/p>\n<\/div>\n<p>[\/vc_column_text][\/vc_column][\/vc_row]<\/p>\n","protected":false},"excerpt":{"rendered":"<p>[vc_row full_width=&#8221;stretch_row&#8221; full_height=&#8221;yes&#8221; equal_height=&#8221;yes&#8221; ken_burns_transition_speed=&#8221;15000&#8243; css_animation=&#8221;fadeIn&#8221; ken_burns_enabled=&#8221;true&#8221; css=&#8221;.vc_custom_1618219803631{margin-bottom: 0px !important;padding-bottom: 50px !important;}&#8221;][vc_column offset=&#8221;vc_col-md-6&#8243; css=&#8221;.vc_custom_1617721899563{margin-bottom: -45px !important;}&#8221;][vc_column_text css_animation=&#8221;fadeIn&#8221; effects_enabled_delay=&#8221;700&#8243; css=&#8221;.vc_custom_1618302862827{padding-left: 30px&#8230;<\/p>\n","protected":false},"author":1,"featured_media":0,"parent":0,"menu_order":0,"comment_status":"closed","ping_status":"closed","template":"","meta":{"footnotes":""},"class_list":["post-3617","page","type-page","status-publish"],"_links":{"self":[{"href":"https:\/\/www.nord-acrobat.com\/index.php\/wp-json\/wp\/v2\/pages\/3617","targetHints":{"allow":["GET"]}}],"collection":[{"href":"https:\/\/www.nord-acrobat.com\/index.php\/wp-json\/wp\/v2\/pages"}],"about":[{"href":"https:\/\/www.nord-acrobat.com\/index.php\/wp-json\/wp\/v2\/types\/page"}],"author":[{"embeddable":true,"href":"https:\/\/www.nord-acrobat.com\/index.php\/wp-json\/wp\/v2\/users\/1"}],"replies":[{"embeddable":true,"href":"https:\/\/www.nord-acrobat.com\/index.php\/wp-json\/wp\/v2\/comments?post=3617"}],"version-history":[{"count":36,"href":"https:\/\/www.nord-acrobat.com\/index.php\/wp-json\/wp\/v2\/pages\/3617\/revisions"}],"predecessor-version":[{"id":4541,"href":"https:\/\/www.nord-acrobat.com\/index.php\/wp-json\/wp\/v2\/pages\/3617\/revisions\/4541"}],"wp:attachment":[{"href":"https:\/\/www.nord-acrobat.com\/index.php\/wp-json\/wp\/v2\/media?parent=3617"}],"curies":[{"name":"wp","href":"https:\/\/api.w.org\/{rel}","templated":true}]}}